2*x. Suppose 265 - 697 = -j*r - 4*k, -10 = 2*k. Is r a prime number?
True
Let b(x) = -6*x**2 + 14*x - 45. Let j(q) = 3*q**2 - 7*q + 22. Let p(f) = 2*b(f) + 5*j(f). Let m be p(-9). Let i = m - -93. Is i a prime number?
True
Let y(v) = -61*v**3 + v**2 + v - 2. Let x = -35 - -41. Suppose x*f + 18 = -0*f. Is y(f) a composite number?
True
Let m(r) = -33 + 1989*r - 2279*r + 290. Is m(-19) composite?
True
Let r = 28239 + -17612. Suppose -r = -18*s + 7319. Is s a composite number?
False
Is (7 + (-171)/27)*(7349704/16 + 2) prime?
True
Let g(u) = 1926*u + 1. Is g(3) a prime number?
True
Let k = -875 + 256. Let j = k - -1098. Is j composite?
False
Let v = -1222698 - -2188397. Is v prime?
False
Let g(p) = -330*p + 659. Is g(-30) a prime number?
True
Let i(o) = 31791*o - 173. Is i(6) a prime number?
True
Let h(i) = -i**3 + 22*i**2 - 10*i - 8. Let r(f) = 23*f**2 - 1. Let n be r(-1). Suppose t = -2*v - t + n, 0 = 5*t. Is h(v) a composite number?
False
Suppose 335*y = -177*y + 75774464. Is y a composite number?
False
Suppose -2*j - 428052 = -5*j - 3*j. Is j composite?
True
Suppose -24*d = -19*d + 4*u - 177362, -4*d + 141883 = u. Let h = d - 22164. Is h composite?
True
Let v(h) = 32*h**3 - h**2 - 6*h - 19. Let u(x) = 65*x**3 - 2*x**2 - 13*x - 36. Let j(i) = -4*u(i) + 7*v(i). Is j(-4) a prime number?
False
Let t = -98 + 103. Suppose 12 - 42 = t*q. Is (q/7)/3 + 24537/7 prime?
False
Let n = -73 - -73. Suppose f - 3*i + 7 = n, i + 4 = 5*f - i. Suppose -2*u + 4*b + 201 = -229, -2*u + 438 = -f*b. Is u composite?
False
Suppose -6*b = -9*b + h + 71156, -2 = -2*h. Is b a composite number?
False
Is ((-16971073)/(-28) + (12/(-16))/(-3))/2 composite?
True
Let s = 424 + -420. Suppose -s*g + 4*l + 55812 = -141400, -g - l = -49311. Is g a composite number?
False
Let i = 79435 + 4402. Is i prime?
False
Let i = 45861 - 30635. Suppose -10251 - i = -4*c - 3*a, -19109 = -3*c - 2*a. Is c a prime number?
True
Let z = 102921 - -44266. Is z a composite number?
True
Is 674316 - (770/(-22) + 12) prime?
False
Suppose -5562 = 5*s - 4*f, 141*s + 3*f + 3348 = 138*s. Let o = -1 - -1. Is 0 + (-12)/(-4) - (s - o) composite?
False
Let r(y) = 26*y**2 - 96*y + 277. Is r(36) prime?
True
Let r be 1 + -2 - (-14)/2. Suppose -8*x + r = -6*x. Is (3/2)/(x - 39/14) prime?
True
Let d(i) = 12*i**2 - 11*i - 17. Suppose -2*p = -6, 0 = -2*j - p - p + 96. Let x = j + -53. Is d(x) a prime number?
True
Suppose p + p - 380 = 0. Let q be (3/12 - (-45)/60)*33. Let r = q + p. Is r prime?
True
Let i(w) = 4*w**3 + 16*w**2 + 50*w + 39. Let v be i(30). Suppose 42*c + v = 467961. Is c a composite number?
False
Is ((-8)/(-2) - -471379) + 33/3 + -5 prime?
True
Let x(a) = 31*a**3 - 10*a**2 + 18. Let r = 324 + -319. Is x(r) prime?
True
Suppose 0 = -m - 0*m + 5*n + 5884, 3*n = 4*m - 23587. Is m composite?
True
Suppose 0 = -4229*q + 4168*q + 9066979. Is q a composite number?
False
Let c(n) = -3*n**3 - n**2 - 2*n - 3. Let r be c(-2). Suppose r*y + 1 = 22*y. Is -815*(-3 + (y - -1)) a composite number?
True
Let c = 365 + -125. Is ((-216052)/(-14))/2 - c/(-280) a composite number?
False
Suppose 2*u + 5*p + 7553 = 0, -p + 3*p = -2*u - 7568. Let k = u + 5750. Is k composite?
True
Let b = -1 - -5. Suppose 3*p + 5 = -2*l + 7*l, -b*p + 4*l - 4 = 0. Is (-8)/(-5 + 7) - (p - 131) a composite number?
False
Suppose 2*a - 10 = -0*a. Suppose b - 2779 = 4*o - 14184, 0 = 4*b - 12. Suppose -3603 = -a*g + o. Is g prime?
True
Suppose 2*q = 5 - 9. Is q/6*(135198/6)/(-7) a prime number?
False
Let g be ((-40)/(-24))/((-3)/(-9)). Suppose -5*o = g*h - 5545, 10*o - 6*o - 3*h - 4450 = 0. Is o prime?
False
Suppose -5*j - 225 = -5*y, -3*y + 4*y - 48 = -2*j. Suppose 0 = -y*l + 49*l - 7170. Suppose -4*v + 2390 = 9*o - 4*o, 2*v = 5*o - l. Is o a prime number?
False
Suppose -3*i - 3*l + 6 = 0, -3*i + 3*l + l = -20. Let q = -6 + i. Is 102/8*((-6)/(-9) - q) a prime number?
False
Suppose 834433 = 5*y - 4*k, 0*k - 667538 = -4*y - k. Is y a prime number?
False
Suppose j + 16 = 40. Suppose -142895 = -j*i + 85753. Is i a composite number?
True
Suppose -8*t = 19*t + 4*t - 12067711. Is t a composite number?
True
Let u = 2349 + 19298. Is u a composite number?
False
Is (1 - 68414/4)*(120 - 122) a prime number?
False
Suppose 29*m - 210 = 22*m. Suppose 27*t = m*t - 7737. Is t a prime number?
True
Let j(u) = 9*u**3 - 22*u**2 + 142*u - 30. Is j(17) composite?
True
Let a be 1493*13 - (9 + -9 - 0). Let l = 33316 - a. Is l a composite number?
False
Suppose -23*x = -21*x - 30470. Suppose -8*r + 3*r + x = 0. Is r a composite number?
True
Suppose 1307 = 8*z - 1077. Suppose z*c = 293*c + 15055. Is c a composite number?
False
Let w(y) = 6*y + 15. Let c(u) = -u + 1. Let t be 1 + 1 - 3/(-1). Let h(r) = t*c(r) - w(r). Is h(-17) a composite number?
True
Is 65852 - (736/(-322))/((-2)/(-7)) - -1 a prime number?
False
Let o be ((-1288)/3)/(2/(-9)). Suppose c - 3*d + 2*d = o, 2*c = -5*d + 3829. Is c a composite number?
True
Let q be (-2)/4*(-11 + -7). Suppose 4807 + 1016 = q*z. Is z a prime number?
True
Let v(q) = 100*q**2 - 223*q + 82. Is v(-8) composite?
True
Let m be (-6)/6 + -8 + 74. Suppose m*n = 75*n - 136410. Is n a composite number?
True
Let v(w) = 16463*w**2 + 44*w - 145. Is v(8) a composite number?
True
Let u be ((-5)/(-3))/(5/15). Suppose 8*l + 11024 = 5*h + u*l, -h - 4*l = -2191. Is h prime?
True
Suppose p - 4*p + 3 = 2*q, 2*p + 5*q = -9. Let i(m) = 122*m**3 + 2*m**2 - 5*m + 2. Is i(p) a prime number?
True
Let n = -2902 - -850. Let o = -1305 - n. Suppose h - 876 = x + o, 0 = h + 3*x - 1623. Is h a prime number?
False
Let b = -333 - -344. Suppose -4*x + b*x - 2051 = 0. Is x composite?
False
Let z(o) = -o**3 + 21*o**2 - 66*o - 25. Let c be z(17). Suppose 5*v - 9236 = -c*l + 10*l, 4*v + 2*l - 7386 = 0. Is v composite?
False
Let m(y) = 17*y**3 + y**2 + 2*y - 39. Let w be m(7). Let p = 10716 - w. Is p a prime number?
True
Let d(w) be the first derivative of -5*w**4/6 - 5*w**3/2 + 29*w**2/2 + 31. Let u(x) be the second derivative of d(x). Is u(-2) a composite number?
True
Let t(i) be the second derivative of -7*i**5/120 + i**4 - 5*i**3/6 + 15*i. Let h(f) be the second derivative of t(f). Is h(-19) composite?
False
Let c(r) = -4*r - 3. Suppose 5*k = -25, -p - 2*k + 18 = -6*k. Let j be c(p). Is (j/15)/(2/5394) a prime number?
False
Suppose -3*u = 3, c - 5*u = -10*u + 4932. Suppose 3*k - i - 4925 = -3*i, 3*k + 5*i - c = 0. Is k a prime number?
False
Let v(u) = u**3 - 6*u**2 + 7*u + 6. Let a be v(4). Is ((-1)/a)/(29/(-253634)) composite?
False
Suppose 0 = -4965*p + 4905*p + 5080380. Is p prime?
True
Let d be 649/55 - (3/(-15) - 0). Suppose -w = -d*w + 18931. Is w prime?
True
Suppose 99818 - 203080 = -4*f + 157550. Is f composite?
False
Let j be -3 + (-11)/(-4)*(-4)/(-1). Let i be (-7)/(-28) - (-54)/j. Suppose -12*k + 1055 = -i*k. Is k a prime number?
True
Let q be (13/(260/64))/((-6)/135). Is 86194/14 - q/252 a composite number?
True
Let l(j) = 2*j**2 + 24*j - 22. Let h be l(-13). Suppose -h*y - 2*t + 17506 = 0, 2*y - 5*t = 2019 + 6764. Is y a composite number?
True
Let v = 64775 + -2572. Is v a prime number?
False
Suppose 6*g = 9*g + 15. Let t be (-82)/(-8) - (133/(-28) - g). Suppose o = t*o - 6489. Is o prime?
False
Suppose 5*x - 8025 = 6180. Let u = x - 1480. Is u a composite number?
False
Suppose 0 = -t - 5*p + 9304, 2*t - 3*p + 4*p - 18644 = 0. Suppose -4*n - 3*n = -t. Suppose -n - 1896 = -12*k. Is k a prime number?
True
Suppose -29*b + 128 = -25*b. Suppose -b = -3*r + 439. Is r composite?
False
Let n(q) = -q**3 - 20*q**2 - 29*q + 12. Let g be n(-18). Let t = g - -523. Is t composite?
False
Suppose 16961 + 19879 = 20*o. Let k = 2845 - o. Is k a composite number?
True
Suppose -5*n = -0*n + z + 39281, 4*z - 31420 = 4*n. Let p = n - -4207. Let q = -2078 - p. Is q a composite number?
False
Let t = 73 + -125. Let q be (t/(-6))/(((-14)/12)/(-7)). Suppose -47*k = -q*k + 10805. Is k a composite number?
False
Let m(b) = -b**3 + b**2 - 1. Let c(l) = -l**3 + 11*l**2 + 22*l - 5. Let s(k) = -c(k) + 2*m(k). Is s(-11) a composite number?
False
Suppose -2*p - 4*y + 6*y = -542772, -2*p + 542758 = -4*y. Is p composite?
False
Let r be (3*2/5)/(12/30). Suppose 25*x + r*x - 15148 = 0. Is x a composite number?
False
Let d = 186 - 184. Suppose -1 = -k, -3*u + d*k + 7575 + 4741 = 0. Is u a composite n